 + 22*o**2 - 5/6*o**3 + 1/30*o**5 + 0 + 1/8*o**4. Calculate w(-5).
30
Suppose 11 = -7*d + 32. Let j(w) = 13*w + d - 4*w - 11*w. What is j(-3)?
9
Let i be ((-210)/(-56))/((-6)/16). Let n(v) = 3 - v**2 - 25*v + 33*v - 16*v + 11. What is n(i)?
-6
Let x(c) = 14*c - 3*c + 21939121*c**2 + 4 - 21939122*c**2. Give x(6).
34
Suppose o - 35 = -40. Let s(i) be the second derivative of -i**5/60 - i**4/6 + 7*i**3/6 - 7*i**2 - 8*i. Let g(v) be the first derivative of s(v). Give g(o).
2
Let z(w) = -6*w - 485*w**2 + 484*w**2 + 0*w - 7 + 0*w. Suppose 0*x = 5*x - 30. Suppose 0 = -x*l - 12 - 24. What is z(l)?
-7
Let u(x) be the first derivative of x**4/4 + 13*x**3/3 + 13*x**2/2 + 14*x - 76. Determine u(-12).
2
Let c = -5 - -7. Let l(k) = -4*k**2 + k**2 + 3*k**2 + k**2 + 2 - c*k. Suppose 204*g + 20 - 245 - 387 = 0. Calculate l(g).
5
Let c(g) = g**2 - 5*g - 7. Let k be c(-2). Let u be (k/14)/(3/30). Let r(d) = -d + 8. Determine r(u).
3
Let w be 0 + 7 - (2 + 31/(217/182)). Let s(g) = 4*g + 62. What is s(w)?
-22
Let l = 1 - -3. Suppose 5*m = -3*a + 21, -l*a - a - 3*m + 19 = 0. Let d(h) = 3*h - 1 - 4*h - 10*h**a - h + 23*h**2. Calculate d(-1).
14
Let a(z) = z**3 - 7*z**2 + 2*z + 6. Let j be -6 - (4 + (-120)/6). Suppose -4*l - f = -22, 2*f + 44 - j = 5*l. Determine a(l).
-18
Let v(m) = 3*m**2 + 29*m + 19. Let b = 240 - 247. Let a(d) = 2*d**2 + 20*d + 13. Let k(o) = b*a(o) + 5*v(o). Give k(-3).
-2
Let q(s) = -13*s**3 - s. Suppose 254*d + 36 = 260*d. Suppose d*w + 48 = 42. What is q(w)?
14
Let i(n) = -4*n**2 - 4*n + 4. Suppose -1066*d = -1063*d - 9. Let m(q) = q**2 + 5*q**2 + 10*q + q**2 - 7 - 3*q. Let w(z) = d*m(z) + 5*i(z). Give w(2).
5
Let u(p) = -17*p + 24 + 22941999*p**3 + 0*p**2 - 22942002*p**3 + 5*p**2. Calculate u(2).
-14
Let s(r) = 14*r - 337. Let y be s(-18). Let q = 596 + y. Let v(w) = -w + 10. Determine v(q).
3
Let q(h) = 2*h**3 - 10*h**2 + 4*h + 6. Let c(w) = -w**3 + 5*w**2 - 2*w - 3. Let u(x) = 11*c(x) + 6*q(x). Suppose -17 + 9 = -2*g. Give u(g).
-5
Let p = 42364 - 42384. Let v(k) = 10*k + 204. Calculate v(p).
4
Let k(s) = s - 11. Suppose 0 = 6*p + 101 + 108 - 263. Calculate k(p).
-2
Let l(z) = 7*z**2 + 0*z + 7*z + 0*z**3 + 14 + z**3. Let i = -3908 + 3902. What is l(i)?
8
Let g(l) = -7*l**2 - 10*l**2 + 15*l**2 + 6*l - 2*l + 1. Let h(a) = -a**2 + 9*a + 3. Suppose -n + 4*u - 11 = -40, 2*u - 35 = -5*n. Let y be h(n). Calculate g(y).
-5
Let x = -105 - -221. Let y = 116 - x. Let c(m) = m**2 - m - 2. Calculate c(y).
-2
Suppose -b + 12 - 4 = -2*p, -b = -4. Let t be 2/(p - 1 - (0 + -4)). Let x(j) = 3*j + 7 + j - 4*j - t*j. Calculate x(6).
-5
Let y(j) = j**2 + 3*j + 18 + 18 + 17 - 59 + 2*j. What is y(-7)?
8
Let b be (9 + -14)/15*-6. Let a(h) = -h**3 - h**2 + 4*h - 3. Calculate a(b).
-7
Let u = -7030 + 7067. Let k = -75 + 41. Let o = u + k. Let t(p) = -p**2 + 5*p - 2. Give t(o).
4
Let c = 67 - -36. Let q = c + -102. Let v(g) = 5*g - 1. Calculate v(q).
4
Let t(o) = 14*o + 1. Suppose 5*r = 4*c - 212, -4*r - 3*c = -0*c + 182. Let d be (-2)/4 + r/8. Let s(g) = g**3 + 7*g**2 + 5*g - 7. Let n be s(d). Give t(n).
-13
Let t(l) = -l**3 - 2*l**2 - l - 1. Let h(c) = -3*c**3 - 19*c**2 - 5*c - 31. Let a(f) = -h(f) + 2*t(f). Determine a(-15).
-16
Let j(i) be the second derivative of -i**5/20 + i**4/12 + i**3/3 - i**2 - 1538*i. Give j(2).
-2
Let y = -159 + 163. Let t(r) = y - 8*r + r + 5 + r**2 - 2. Give t(6).
1
Let b(w) = -w**2 - 59*w + 186. Let i be b(-62). Let k(a) = a**2 + 2*a + 13. Give k(i).
13
Let x(p) = 48*p**2 - 942*p. Let d(a) = -6*a**2 + 113*a. Let i(h) = 25*d(h) + 3*x(h). Let o(c) = -c**2 + c + 1. Let r be o(-1). Determine i(r).
-5
Let z(g) = 3*g + 3. Let k = 135 - 367. Let r = 230 + k. Calculate z(r).
-3
Let j(u) = 482*u**2 + 12*u - 8. Let n(i) = -107*i**2 - 3*i + 2. Let v(k) = -2*j(k) - 9*n(k). Suppose -g + 28 = 3*g. Determine v(g).
-30
Let y(n) = -4*n**3 + 10*n**2 - 9*n. Let x(r) = -5*r**3 + 10*r**2 - 10*r + 1. Let l(j) = -6*x(j) + 7*y(j). Give l(-5).
9
Let w = -2617 + 2608. Let a(s) = -s**2 - 9*s + 13. What is a(w)?
13
Let x(k) = -14*k**2 - 14*k**2 - 53*k - k**3 + 598 + 593 - 1856 + 626. Determine x(-26).
-13
Let q(t) = 73*t**3 - 7*t**2 - 11*t - 8. Let p(c) = -12*c**3 + 2*c**2 + 2*c + 1. Let x(n) = 6*p(n) + q(n). Calculate x(-6).
-44
Let t(p) = p - 5. Let h(n) = -2*n + 10. Let d = -15 - -13. Let j(b) = d*h(b) - 5*t(b). Let r(a) = -a**2 - 7*a - 6. Let z be r(-6). Determine j(z).
5
Let z(r) be the second derivative of -10*r + 1/2*r**3 + 12*r**2 + 6. Give z(-9).
-3
Let p(t) = 2*t**3 + 11*t**2 - 9*t + 1. Let d(u) = u**3 + 6*u**2 - 5*u. Let i(z) = z**2 + 7*z - 63. Let o be i(-12). Let v(m) = o*p(m) + 5*d(m). Calculate v(-3).
-9
Let v(j) be the third derivative of j**5/120 - 5*j**4/8 + 26*j**3/3 + 188*j**2. Let h(c) be the first derivative of v(c). Determine h(5).
-10
Let g(m) = -5*m**3 + 10*m**2 - 14*m - 4. Let a(t) = -6*t**3 - 13*t**2 - 4 - 16*t - 2*t**2 + 26*t**2. Let c(s) = 6*a(s) - 7*g(s). Give c(-3).
-11
Let g be (17256/(-5033))/(2/8 - 2/(-56)). Let l(m) = m**2 + 7*m - 27. Calculate l(g).
33
Let w = 13 - 7. Let k(b) = b + 4*b + 6*b + w*b. Let j = -23443 + 23444. What is k(j)?
17
Let t(s) = -5*s**2 - 5*s - 10. Let c(f) = 9*f**2 + 11*f + 23. Let b(o) = 4*c(o) + 7*t(o). Determine b(-8).
14
Let n be 13/(455/(-150)) + (-14)/(-49). Let w(m) = -2 - 11*m + 28*m - 7*m - 11*m. Calculate w(n).
2
Let s(o) = -5*o**2 + 41*o + 30. Let p(x) = -x**2 + 8*x + 6. Let h(l) = 11*p(l) - 2*s(l). Suppose f + 16 = 2*n, -12 = -f - 16. Determine h(n).
6
Let t(r) = r**2 + 15*r + 21. Suppose -31*u = -32*u - k + 2, k + 6 = -5*u. What is t(u)?
-5
Let i(n) be the second derivative of -n**8/6720 + n**7/315 + n**6/72 - n**5/30 - 2*n**4 - n**2/2 - 64*n. Let p(s) be the third derivative of i(s). Give p(9).
5
Let n(s) = -11*s - 4. Let z(k) = -20*k - 7. Suppose -2*m = 2*b + m + 24, -4*b - 4*m - 40 = 0. Let l(c) = b*z(c) + 11*n(c). What is l(-6)?
4
Let y(p) = -p**2 - 9*p + 8. Suppose -2*n = -d + 2, 26 = d + 5*n - 4. Suppose d = -16*w - 150. Determine y(w).
-2
Let c(v) = v + 10. Let q be c(-13). Let i(n) = 2*n + 27. Let t be i(-12). Let g(d) = -5 + 3*d + 2 + d - t*d. Determine g(q).
-6
Let i(d) = -3*d**2 - 2*d + 1. Let b(f) = f**2 + 44*f - 3111. Let r be b(38). Calculate i(r).
-84
Let k be ((-2816)/(-33))/(4/6). Let o(u) = 76 - k - 3*u + 55. What is o(-6)?
21
Let w(z) = -z**3 - 8*z**2 - 5*z - 10. Let h be 2*(735/10)/(-21). What is w(h)?
-24
Let o(z) = 3 - 97*z + 5 - z**2 - 4 + 96*z. Suppose -4*f = 2*l - 10, -5*f - l + 54 = 37. Give o(f).
-16
Let f(z) be the third derivative of z**6/180 + z**5/20 + z**4/12 + z**2. Let y(r) be the second derivative of f(r). Suppose -405 + 505 = -25*g. Calculate y(g).
-10
Let j(c) = -43*c**3 + 23*c**2 - 23*c + 47. Let r(w) = 19*w**3 - 11*w**2 + 11*w - 23. Let t(p) = 4*j(p) + 9*r(p). Determine t(-9).
80
Let k(c) = 4*c**2 + 2. Let i(v) = -17*v**2 - 21*v - 123. Let r(g) = -i(g) - 4*k(g). Calculate r(-11).
5
Let v(w) = -4*w - 2. Let f be (-48)/(-432) - (-80)/9. Suppose 17*g - f = 25. Calculate v(g).
-10
Let l(p) = p**2 - 2*p - 4. Suppose 19*g - b + 143 = 14*g, b - 27 = g. Let m = -23 - g. Determine l(m).
20
Let g(b) = -7*b. Let n(o) = o**3 + 6*o**2 + 2*o + 14. Suppose -14*r = -15*r - 6. Let d be n(r). What is g(d)?
-14
Let q(m) = -65*m + 1724. Let z(y) = 96*y - 2569. Let c(b) = -7*q(b) - 5*z(b). Determine c(31).
2
Let u(m) be the second derivative of -m**5/20 - m**4/12 + 2*m**3/3 + m**2/2 + m. Let v = 147 + -131. Suppose 5*y = -v + 1. Give u(y).
7
Let d be (-2)/(-3) + -7*44/(-231). Let i be (2 - -9)*3/6*134. Let x(a) = a**d - i + 0*a**2 + 0*a**2 + 711. What is x(0)?
-26
Let u(t) = -t**2 + 11*t + 9. Suppose -3*c - 4*w + 209 = -5*w, c = -2*w + 72. Let m = c + -59. Calculate u(m).
9
Let o(m) be the first derivative of -2*m**3/3 - 7*m**2 + 4*m - 3201. What is o(-8)?
-12
Let a(y) = 7*y**2 - 3*y + 104. Let j(g) = 8*g**2 - 2*g + 121. Let q(z) = 7*a(z) - 6*j(z). Calculate q(12).
38
Suppose 3*h = 2*m - 2, -h + 5*m - 18 = -0*h. Let y(n) = -n**h - n**3 + 2447*n - 4*n**2 - 2449*n. Determine y(-4).
-8
Let h(b) be the third derivative of 1/2*b**4 + 1/60*b**5 + 0*b - 2 + 2*b**2 + 11/6*b**3. What is h(-9)?
-16
Let k(s) = -2*s - 270 + 575 - 296. Let j be 1/(-2*1/(-12)). Calculate k(j).
-3
Suppose x - 12 = 4*i, -3*i = -2*x + 7*x - 37. Let l = -121 + 123. Let q(n) = 82*n**2 - 81*n**2 - l - 6*n